 g(2). What is the remainder when 35 + 0/(l + 2) is divided by 9?
8
Calculate the remainder when (-118)/(-4) + (-4)/8 is divided by 17.
12
Suppose -12 - 27 = -3*c. Suppose -p - a - 3 = -0*p, 0 = -4*p - 3*a - c. Calculate the remainder when 40 is divided by p/18 + (-384)/(-27).
12
Suppose 4*m + 0*m - 60 = -3*z, -5*m = 3*z - 72. Calculate the remainder when 22 is divided by m.
10
Let r = 219 - 196. What is the remainder when 85 is divided by r?
16
Suppose 0 = -0*q + q - 3. Calculate the remainder when 5 is divided by q.
2
Let o(l) = -4*l**3 + 10*l**2 - 6*l - 3. Let m(z) = 7*z**3 - 19*z**2 + 12*z + 6. Let j(w) = 3*m(w) + 5*o(w). What is the remainder when 5 is divided by j(6)?
2
Suppose w + 7*l - 2*l - 132 = 0, -690 = -5*w + 5*l. Calculate the remainder when w is divided by 18.
11
Suppose 0 = 3*g - 4*b - 2, -b = -g - 0 - 1. What is the remainder when 17 is divided by (-2)/3*63/g?
3
Suppose 44 = v - 5*d, -4*v + d + 69 = -31. Calculate the remainder when v is divided by 24/(-2 - -4) + 1.
11
Suppose 9 - 29 = 5*l. Suppose 14 = j + 3. Let u = j - l. Calculate the remainder when 43 is divided by u.
13
Suppose -y + 15 = -2*f, -3*y + 3*f + 14 + 16 = 0. Suppose y*i - 2*i - 189 = 0. What is the remainder when i is divided by 16?
15
Let y(t) = 3*t**2 + 3*t + 2. Let b = 21 + -14. Let u(r) = -r**2 + 9*r - 9. What is the remainder when y(-2) is divided by u(b)?
3
Let m(w) = 5*w**3 - 4*w**2 + 3*w. What is the remainder when m(2) is divided by 11?
8
Let r(q) = q**2 + 6*q + 2. Let d be r(-6). Let s = -1 - -3. Suppose -3*f - 5*t - 12 = -f, s*f - d*t - 16 = 0. Calculate the remainder when 11 is divided by f.
3
Let g be 2 - ((0 - 2) + 1). Suppose -g*v + 40 = 2*v. Calculate the remainder when 22 is divided by v.
6
Suppose -3*i + 5*o = -0*i + 4, 10 = 2*i + 3*o. Let d(z) = 2*z - 26. Calculate the remainder when d(14) is divided by i.
0
Let d be (-3 + 4)*(5 - 1). Suppose -d*y - 4*m + 104 = -0*m, 2*m = 8. Calculate the remainder when y is divided by 12.
10
Suppose -17 = 2*b - 65. Suppose -p + b = -0*p. Suppose 0 = 2*r + r - p. What is the remainder when 13 is divided by r?
5
What is the remainder when 957/21 - 9/(-21) is divided by 25?
21
Let z(w) = -2*w**3 - 2*w**2 + w - 2. Let o be z(-2). Let i = 8 + o. Suppose 0 = -3*h + 15 + i. Calculate the remainder when h is divided by 5.
4
Suppose -4*w - 4*k - 145 = -7*w, -k + 225 = 4*w. Calculate the remainder when w is divided by 19.
17
Calculate the remainder when 14 is divided by (34/(-10) + 4)*10.
2
What is the remainder when (10/3)/(1/6) is divided by ((-6)/(-9) - 3)/(2/(-6))?
6
Suppose -3*g - 3 = -0. Let y = g - -18. Let c = 42 - y. What is the remainder when c is divided by 13?
12
Let f(o) be the first derivative of 2*o**3/3 - 7*o**2/2 - 8*o - 1. Let n = 0 - -6. Calculate the remainder when f(n) is divided by 8.
6
Let u(o) = o**3 - o**2 + 246. Let h be u(0). Suppose -4 = -4*f, 4*p - 3*f = -5*f + h. Calculate the remainder when p is divided by 16.
13
Let o = -13 + 36. Calculate the remainder when 66 is divided by o.
20
Suppose -24 - 46 = -5*b. What is the remainder when 26 is divided by b?
12
Suppose 3*w - 3*i = -2*i + 6, -5*i = 0. Suppose -4*a + 92 = -w*a. What is the remainder when a is divided by 12?
10
Let t(w) = w**2 + 2*w - 7. Calculate the remainder when 20 is divided by t(-5).
4
Suppose n = -2, -2*n - 106 = -5*p - 4*n. Calculate the remainder when p is divided by 6.
4
Calculate the remainder when (2 + -1)/(4/220) is divided by 14.
13
Let v(j) = 2*j**2 + 4*j - 8. Let a be v(-6). Suppose 6*d - d = a. Calculate the remainder when d is divided by 4.
0
Let y(r) = 2*r + r**2 - 2*r**2 + 2*r. Let p(f) = -f**2 - 5*f + 3. Let n be p(-5). Calculate the remainder when 5 is divided by y(n).
2
Suppose -2 = -a + 2. Suppose 3*y = a*b + 22, 7 = y + b - 5. What is the remainder when 17 is divided by y?
7
Let r = 1 - 0. Let x = -1 + r. Suppose -2*z + 5*t - 19 = x, -5*z - t - 5 = -5*t. What is the remainder when 5 is divided by z?
2
Let f(n) = -28*n + 2. What is the remainder when f(-1) is divided by 16?
14
Let c be (-22)/(-4) + (-2)/4. Suppose 0 = 2*n - c*p - 20 - 35, -5*p = -5*n + 100. Calculate the remainder when 34 is divided by 3/4*(n + 1).
10
Suppose -27*y - 16 = -29*y. Calculate the remainder when y is divided by 4.
0
Calculate the remainder when 17 is divided by (-4)/(2*(-8)/28).
3
Let m(v) = v + 56. Calculate the remainder when m(13) is divided by 18.
15
Let y = -25 + 40. What is the remainder when y is divided by 8?
7
Let o = -20 - -39. Suppose -6*w + o = -5*w. Calculate the remainder when w is divided by 7.
5
Suppose -s = -4*p - 3*s + 42, 5*s = 4*p - 77. What is the remainder when p is divided by 8?
5
Suppose 4*w = -4*m + 6*m + 20, -3*m = 2*w - 10. Suppose -2*y + m*h + 26 = -5*h, -2*h = -4*y + 52. Calculate the remainder when 24 is divided by y.
11
Let q = -14 + 68. What is the remainder when 210 is divided by q?
48
Suppose -4*w + 8 = -0*w. Suppose w*n = n - 32. Let g = -21 - n. Calculate the remainder when g is divided by 6.
5
Let v be 0*(2/1 - 1). Suppose v = -2*y - 10, 4*j + 3*y - 25 = 4*y. Suppose 25 = j*p + 5*i, 30 = 3*p + i + 7. What is the remainder when 26 is divided by p?
8
Let f be (4/10)/(2/60). Calculate the remainder when (-30)/9*60/(-8) is divided by -1 + (f - (2 - 4)).
12
Suppose 21 = m - 2*m. What is the remainder when (-489)/m + (-4)/14 is divided by 8?
7
Let p(j) = -2*j - 9. Let x be p(-7). Suppose 72 = x*s + 2. Calculate the remainder when s is divided by 8.
6
Let y(p) = p**2 - p + 2. Let g(v) = v**3 - 3*v**2 - 7*v + 5. Let i be g(4). Let c be ((-16)/14)/(2/i). What is the remainder when 39 is divided by y(c)?
11
Let d be 1/3 + (-4)/(-6). Let c = d + -1. Suppose c = -5*m - 6 + 16. What is the remainder when m is divided by 2?
0
Let v(n) = -4*n - 4 - 2 + 2*n + 0. Suppose -2*s - 1 = 17. Calculate the remainder when 35 is divided by v(s).
11
Suppose 0 = -s + 7 + 2. What is the remainder when 25 - (2/2 + -1) is divided by s?
7
What is the remainder when 79 is divided by 380/14 - (-2)/(-14)?
25
Suppose -62 = -n + 11. What is the remainder when n is divided by 19?
16
Let j(z) = -z**2 - 7*z - 3. Let s be j(-6). Calculate the remainder when 37*((1 - 3) + s) is divided by 13.
11
Suppose -3*c - 6 = 0, o - 22 + 4 = 5*c. Calculate the remainder when 14 is divided by o.
6
Let p be 0 - (4/(-2) - -2). Calculate the remainder when 6 is divided by p/(-3) + 2 + 1.
0
Let t be (-2)/(24/(-52))*-3. Let p = -11 - t. Calculate the remainder when 7 is divided by p.
1
Suppose 6*d = 2*d + 108. Calculate the remainder when 52 is divided by d.
25
Suppose 3*l = -l + 60. What is the remainder when 55 is divided by l?
10
Suppose 0 = 2*c + 116 - 26. Let w = c - -67. Calculate the remainder when w is divided by 6.
4
Let f(s) = s**2 - s + 34. Suppose -n = -3*n - 40. Calculate the remainder when f(0) is divided by n/6*18/(-5).
10
Let o = 8 - -44. Suppose 2*p + p = k - 8, 3*p + o = 5*k. What is the remainder when k is divided by (-8)/3*(-9)/6?
3
Let p = 3 - 5. Let d(b) = 4*b**2 + 2*b - 2. Let v be d(p). Suppose 0 = j - 3*c - 38 + v, 0 = 2*c. What is the remainder when j is divided by 10?
8
Let q = 5 + 1. Calculate the remainder when (1 - -2)*11/3 is divided by q.
5
Suppose -2*w + 26 = -0*w. Calculate the remainder when w is divided by 8.
5
Suppose -124 = -3*u + 224. Suppose -j + u = 3*j. What is the remainder when j is divided by 15?
14
Suppose s = -4*s + 205. Let k = 18 - 3. What is the remainder when s is divided by k?
11
Suppose -19 = -4*b + g - 0*g, 4*g - 32 = -2*b. Let i be (0 - (-4)/b)*-3. What is the remainder when 10 is divided by i*1 + 8 - 0?
4
Let x(s) = -s**2 + 9*s + 8. Suppose -3*h + 21 + 3 = 0. Calculate the remainder when x(h) is divided by 9.
7
What is the remainder when -5 - (456/(-6) + 1) is divided by 6?
4
Suppose 0 = 2*r + 2, 0 = -0*v - 5*v + r + 61. Calculate the remainder when 59 is divided by v.
11
Let i(v) = -3*v. Let q(h) = 45*h. What is the remainder when q(1) is divided by i(-4)?
9
Suppose -f - 4*m + 2 = 0, 5*m = 2*f + 2*f - 8. Suppose -26 = f*p - 4*p - 4*j, -5*j = p - 10. Calculate the remainder when p is divided by 4.
3
Suppose -t + 5 - 2 = 0. Suppose -5*b - t = -33. What is the remainder when 17 is divided by b?
5
Let s = 30 + -17. Let h be (-286)/(-8) + (-2)/(-8). Suppose 34 = 2*x - 4*z - h, 3*x - 60 = -3*z